.
72
What is the remainder when 330 is divided by 78?
18
Calculate the remainder when 551 is divided by 15.
11
Calculate the remainder when 824 is divided by 101.
16
Calculate the remainder when 192 is divided by 13.
10
Calculate the remainder when 4159 is divided by 5.
4
What is the remainder when 116 is divided by 15?
11
Calculate the remainder when 19 is divided by 6.
1
What is the remainder when 360 is divided by 28?
24
What is the remainder when 43 is divided by 19?
5
What is the remainder when 303 is divided by 147?
9
What is the remainder when 1144 is divided by 165?
154
What is the remainder when 531 is divided by 131?
7
Calculate the remainder when 10412 is divided by 69.
62
Calculate the remainder when 812 is divided by 32.
12
Calculate the remainder when 7279 is divided by 8.
7
Calculate the remainder when 2849 is divided by 10.
9
Calculate the remainder when 2015 is divided by 13.
0
What is the remainder when 65 is divided by 28?
9
Calculate the remainder when 977 is divided by 49.
46
What is the remainder when 322 is divided by 101?
19
What is the remainder when 4703 is divided by 214?
209
What is the remainder when 170 is divided by 56?
2
Calculate the remainder when 250 is divided by 26.
16
What is the remainder when 19654 is divided by 273?
271
What is the remainder when 162 is divided by 158?
4
What is the remainder when 3359 is divided by 66?
59
Calculate the remainder when 1905 is divided by 635.
0
What is the remainder when 6477 is divided by 162?
159
What is the remainder when 1272 is divided by 14?
12
Calculate the remainder when 145 is divided by 46.
7
Calculate the remainder when 323 is divided by 18.
17
Calculate the remainder when 56 is divided by 6.
2
Calculate the remainder when 3385 is divided by 44.
41
What is the remainder when 300 is divided by 93?
21
Calculate the remainder when 925 is divided by 306.
7
Calculate the remainder when 2305 is divided by 35.
30
Calculate the remainder when 222 is divided by 203.
19
Calculate the remainder when 1931 is divided by 46.
45
What is the remainder when 2173 is divided by 17?
14
Calculate the remainder when 277 is divided by 82.
31
What is the remainder when 2441 is divided by 206?
175
Calculate the remainder when 297 is divided by 44.
33
Calculate the remainder when 17 is divided by 5.
2
What is the remainder when 1388 is divided by 16?
12
What is the remainder when 242 is divided by 65?
47
Calculate the remainder when 2024 is divided by 287.
15
Calculate the remainder when 55 is divided by 7.
6
Calculate the remainder when 54 is divided by 18.
0
What is the remainder when 240 is divided by 120?
0
Calculate the remainder when 139 is divided by 24.
19
Calculate the remainder when 2156 is divided by 166.
164
What is the remainder when 145 is divided by 64?
17
What is the remainder when 251 is divided by 27?
8
Calculate the remainder when 1040 is divided by 36.
32
What is the remainder when 387 is divided by 119?
30
What is the remainder when 759 is divided by 204?
147
What is the remainder when 205 is divided by 30?
25
Calculate the remainder when 131 is divided by 54.
23
What is the remainder when 2655 is divided by 95?
90
Calculate the remainder when 299 is divided by 5.
4
Calculate the remainder when 160 is divided by 53.
1
Calculate the remainder when 1469 is divided by 46.
43
Calculate the remainder when 122 is divided by 65.
57
What is the remainder when 286 is divided by 58?
54
Calculate the remainder when 23 is divided by 5.
3
What is the remainder when 462 is divided by 99?
66
Calculate the remainder when 121 is divided by 44.
33
What is the remainder when 426 is divided by 121?
63
Calculate the remainder when 42418 is divided by 6.
4
Calculate the remainder when 749 is divided by 237.
38
What is the remainder when 79 is divided by 40?
39
What is the remainder when 2363 is divided by 196?
11
What is the remainder when 175 is divided by 85?
5
What is the remainder when 577 is divided by 21?
10
Calculate the remainder when 1155 is divided by 324.
183
What is the remainder when 773 is divided by 23?
14
What is the remainder when 228 is divided by 23?
21
Calculate the remainder when 1612 is divided by 29.
17
Calculate the remainder when 98 is divided by 32.
2
Calculate the remainder when 987 is divided by 349.
289
Calculate the remainder when 223 is divided by 59.
46
Calculate the remainder when 228 is divided by 212.
16
What is the remainder when 423 is divided by 86?
79
Calculate the remainder when 1936 is divided by 107.
10
Calculate the remainder when 23 is divided by 13.
10
Calculate the remainder when 5244 is divided by 9.
6
What is the remainder when 154 is divided by 12?
10
What is the remainder when 480 is divided by 158?
6
What is the remainder when 254 is divided by 184?
70
What is the remainder when 7 is divided by 7?
0
Calculate the remainder when 2416 is divided by 38.
22
Calculate the remainder when 97 is divided by 51.
46
What is the remainder when 202 is divided by 24?
10
Calculate the remainder when 135 is divided by 35.
30
What is the remainder when 195 is divided by 25?
20
Calculate the remainder when 169 is divided by 26.
13
Calculate the remainder when 278 is divided by 4.
2
Calculate the remainder when 277 is divided by 28.
25
Calculate the remainder when 311 is divided by 99.
14
Calculate the remainder when 201 is divided by 53.
42
Calculate the remainder when 422 is divided by 24.
14
What is the remainder when 24252 is divided by 134?
132
Calculate the remainder when 109 is divided by 15.
4
What is the remainder when 660 is divided by 211?
27
What is the remainder when 1309 is divided by 2?
1
Calculate the remainder when 2940 is divided by 50.
40
Calculate the remainder when 3842 is divided by 274.
6
Calculate the remainder when 991 is divided by 14.
11
Calculate the remainder when 5035 is divided by 80.
75
What is the remainder when 6071 is divided by 34?
19
What is the remainder when 2062 is divided by 68?
22
What is the remainder when 5180 is divided by 33?
32
Calculate the remainder when 1216 is divided by 441.
334
What is the remainder when 6031 is divided by 463?
12
What is the remainder when 2339 is divided by 777?
8
What is the remainder when 875 is divided by 78?
17
What is the remainder when 1734 is divided by 83?
74
Calculate the remainder when 819 is divided by 269.
12
Calculate the remainder when 388 is divided by 99.
91
What is the remainder when 1317 is divided by 65?
17
Calculate the remainder when 4773 is divided by 208.
197
What is the remainder when 418 is divided by 260?
158
Calculate the remainder when 742 is divided by 149.
146
Calculate the remainder when 1569 is divided by 131.
128
Calculate the remainder when 14253 is divided by 3561.
9
Calculate the remainder when 161 is divided by 54.
53
What is the remainder when 120 is divided by 19?
6
Calculate the remainder when 668 is divided by 16.
12
What is the remainder when 820 is divided by 104?
92
Calculate the remainder when 146 is divided by 91.
55
What is the remainder when 1002 is divided by 59?
58
Calculate the remainder when 398 is divided by 20.
18
Calculate the remainder when 15156 is divided by 11.
9
What is the remainder when 388 is divided by 25?
13
What is the remainder when 743 is divided by 24?
23
Calculate the remainder when 4556 is divided by 106.
104
Calculate the remainder when 1632 is divided by 328.
320
What is the remainder when 1270 is divided by 91?
87
What is the remainder when 9 is divided by 3?
0
What is the remainder when 47 is divided by 21?
5
Calculate the remainder when 470 is divided by 118.
116
What is the remainder when 1592 is divided by 9?
8
What is the remainder when 229 is divided by 39?
34
Calculate the remainder when 3818 is divided by 20.
18
Calculate the remainder when 115 is divided by 51.
13
Calculate the remainder when 16 is divided by 13.
3
Calculate the remainder when 52 is divided by 21.
10
What is the remainder when 2621 is divided by 105?
101
What is the remainder when 1875 is divided by 4?
3
Calculate the remainder when 135 is divided by 69.
66
Calculate the remainder when 3366 is divided by 188.
170
Calculate the remainder when 158 is divided by 23.
20
Calculate the remainder when 195 is divided by 120.
75
Calculate t